 base 14.
-13c8b
What is 13042255 (base 6) in base 11?
270864
-135da (base 16) to base 15
-18782
Convert 17b079 (base 13) to base 5.
123023422
What is -25c200 (base 13) in base 5?
-213141333
Convert 50063 (base 9) to base 12.
17026
What is -10230222310 (base 5) in base 11?
-60a9aa5
What is 9548 (base 14) in base 2?
110010010001100
Convert -1442050035 (base 6) to base 3.
-1020220021220212
What is -2071811 (base 9) in base 14?
-20c83a
What is -115542 (base 8) in base 11?
-27982
-3151256 (base 7) to base 3
-201102100002
What is 75c592 (base 16) in base 10?
7718290
What is -aac9 (base 16) in base 14?
-11d0d
What is -101030300012 (base 4) in base 12?
-1615232
-5300032 (base 6) to base 11
-165899
What is -205a6 (base 11) in base 12?
-15443
What is 55a8670 (base 11) in base 5?
10003232141
10000000001000010 (base 2) to base 3
10022222201
Convert -4130b (base 14) to base 16.
-2654f
What is 3142561 (base 11) in base 8?
25077540
What is -10390 (base 11) in base 7?
-62014
What is -2788968 (base 10) in base 5?
-1203221333
-11512466 (base 7) to base 14
-1caba6
What is -110031112 (base 4) in base 11?
-5720a
What is -13331121 (base 4) in base 11?
-22548
What is -25510452 (base 6) in base 7?
-10041020
Convert 5e0e5b (base 16) to base 5.
3034222214
Convert -4361940 (base 10) to base 8.
-20507324
What is -70085 (base 11) in base 14?
-29552
-231310101 (base 4) to base 5
-22001130
What is -117730 (base 8) in base 6?
-513240
What is 7398 (base 15) in base 9?
36468
What is -368a483 (base 12) in base 5?
-10210303122
What is -b515c (base 14) in base 11?
-279006
11130303 (base 5) to base 12
49238
-323020200 (base 4) to base 6
-5105200
Convert -100012133 (base 4) to base 14.
-1a06b
Convert -782118 (base 10) to base 12.
-318746
-296760 (base 14) to base 10
-1439312
3890d (base 16) to base 7
1653330
101101111011001011001 (base 2) to base 9
2743243
-1504121 (base 7) to base 6
-4204212
122611 (base 8) to base 12
20635
What is -300001320 (base 4) in base 7?
-1446360
-2130760 (base 9) to base 7
-12465063
Convert 2141120443 (base 5) to base 3.
22201012110220
Convert -3843764 (base 9) to base 12.
-8509b7
430d47 (base 16) to base 8
20606507
What is -1261650 (base 9) in base 3?
-1022001201200
Convert 311887 (base 9) to base 2.
101101001101001100
101000111100111110 (base 2) to base 10
167742
1102221022020 (base 3) to base 12
30b629
10211201220 (base 3) to base 11
518aa
What is -11333211221 (base 4) in base 9?
-2854222
What is 1633142 (base 7) in base 15?
47302
46412410 (base 7) to base 9
7583711
-571336 (base 13) to base 8
-7665605
-11010011101001100110 (base 2) to base 15
-121ce8
What is 1541843 (base 14) in base 2?
100111100101010111110011
Convert -1545402 (base 6) to base 7.
-532031
What is 100101001000110 (base 2) in base 8?
45106
What is -122211212201 (base 3) in base 15?
-6e144
-e497 (base 15) to base 4
-23302210
-a276aa (base 13) to base 10
-3786585
What is 92565 (base 11) in base 8?
407703
Convert -1ca3535 (base 14) to base 2.
-110110110101111110001011
Convert 9dcbe (base 15) to base 12.
20288b
What is -10102122022111 (base 3) in base 16?
-1bd2e2
Convert 9a1a3 (base 14) to base 9.
628335
3a2697 (base 14) to base 9
3684503
1ac08 (base 13) to base 2
1100110101010111
181921 (base 11) to base 4
1010200232
3158708 (base 9) to base 10
1692584
1222000022 (base 3) to base 4
21123311
What is -333788 (base 9) in base 15?
-3e25e
What is 3033223344 (base 5) in base 12?
2086273
-42740 (base 15) to base 7
-1535553
What is 68648 (base 13) in base 12?
91b68
What is -104836 (base 16) in base 13?
-2b48c9
Convert -1024a (base 13) to base 9.
-43648
What is -130015064 (base 7) in base 8?
-37334750
-2323101 (base 5) to base 3
-2010222210
Convert -30671270 (base 8) to base 11.
-3751709
-101101000011010011 (base 2) to base 11
-116706
What is 58c48 (base 15) in base 16?
4510d
Convert 2724251 (base 8) to base 11.
482072
1230103 (base 8) to base 11
212523
-3274 (base 16) to base 8
-31164
-2053135 (base 7) to base 15
-4d907
691821 (base 11) to base 12
450979
Convert -806926 (base 10) to base 13.
-223393
48084 (base 12) to base 2
10111101001100100
Convert 136678 (base 10) to base 16.
215e6
Convert -28936 (base 10) to base 9.
-43621
What is 96342e (base 16) in base 8?
45432056
-1235b82 (base 13) to base 3
-101122222001222
What is -59899 (base 14) in base 7?
-1566652
Convert -406056 (base 12) to base 15.
-14d00c
18480 (base 16) to base 4
120102000
What is 535aa6 (base 11) in base 8?
3212107
What is 2615622 (base 10) in base 7?
31142502
What is -1277650 (base 13) in base 7?
-100115110
225132442 (base 6) to base 13
b2a7b9
2a1752 (base 12) to base 11
443885
Convert -4265100 (base 7) to base 15.
-a42c0
-2751960 (base 12) to base 2
-11101110101010100011000
Convert 5a2e8 (base 16) to base 3.
200202200220
1497443 (base 11) to base 4
21300113012
Convert 376a51 (base 12) to base 2.
11011100100101011101
-11102422034 (base 5) to base 6
-1112303300
What is -332503 (base 7) in base 5?
-3333213
b6020 (base 14) to base 4
1223030130
1132345 (base 7) to base 14
39d25
What is -25185 (base 13) in base 11?
-47419
What is 20352151 (base 6) in base 12?
245657
19087 (base 11) to base 2
110100001011011
58b7ab2 (base 12) to base 9
35257268
What is b335 (base 13) in base 7?
132031
2112021202002 (base 3) to base 9
2467662
What is 21322001101 (base 4) in base 6?
131354521
-98502 (base 10) to base 15
-1e2bc
What is 90512 (base 11) in base 2?
100000010100100011
-131332133 (base 4) to base 14
-32a63
What is -61932 (base 13) in base 6?
-3430433
-828bb (base 14) to base 6
-10424125
Convert 1000001101010100110010 (base 2) to base 9.
4038551
Convert -10121022011001 (base 3) to base 13.
-520966
64314 (base 16) to base 11
260370
What is 12f99d (base 16) in base 8?
4574635
Convert -222201021010 (base 4) to base 14.
-16a1c44
-4404202 (base 5) to base 2
-10010011100100000
Convert -1329a73 (base 12) to base 15.
-4ed406
Convert -1112430421 (base 5) to base 3.
-11122100221000
Convert -163575a (base 11) to base 2.
-1010101000111111101101
What is -172070 (base 10) in base 12?
-836b2
Convert 1011011011001011001 (base 2) to base 11.
236299
Convert -122673 (base 16) to base 7.
-13052622
682215 (base 9) to base 12
178428
What is -11a5731 (base 11) in base 14?
-3c459c
Convert d38560 (base 14) to base 2.
11011001100101101111000
Convert -1131132 (base 4) to base 3.
-22012120
What is 101100101000111010111110 (base 2) in base 15?
10623a0
What is 21102120201202 (base 3) in base 8?
17037044
Convert 11110000101111011011 (base 2) to base 10.
986075
What is -34231233 (base 6) in base 8?
-3773245
11457a (base 15) to base 3
1112220022221
Convert -22203132100 (base 4) to base 15.
-399b91
-3141505 (base 6) to base 14
-3dc41
Convert 221301222 (base 4) to base 16.
29c6a
What is 205502351 (base 6) in base 5?
1412210323
Convert -639718 (base 11) to base 7.
-11460503
347823 (base 9) to base 15
41e93
-548b (base 14) to base 5
-432002
Convert -101211002 (base 4) to base 12.
-35802
Convert 48108 (base 15) to base 3.
102200010122
What is 1735386 (base 10) in base 4?
12213223122
Convert 446364 (base 8) to base 16.
24cf4
101101010100011101 (base 2) to base 10
185629
What is 2125453 (base 6) in base 5?
11324222
Convert 346611 (base 7) to base 6.
1200453
What is -131314 (base 6) in base 15?
-384d
1b81574 (base 12) to base 9
12068627
What is 16305 (base 14) in base 6?
1104453
-4125202 (base 6) to base 14
-522d4
What is 45a6bb (base 12) in base 15?
1710b5
Convert 1350032 (base 6) to base 15.
179de
141310100 (base 5) to base 2
10110001111011000111
Convert 10031201320 (base 4) to base 8.
4154170
Convert -3b54974 (base 12) to base 8.
-55024550
-25f9af (base 16) to base 8
-11374657
1311050 (base 6) to base 8
213546
10010101110010010101000 (base 2) to base 5
2224030300
What is 113120313 (base 4) in base 12?
47533
-13201122002 (base 4) to base 6
-110132522
What is -32123133 (base 4) in base 7?
-334212
349841 (base 11) to base 2
10000111011011010101
311112111 (base 4) to base 5
23443032
-272148 (base 10) to base 8
-1023424
Convert -23341002 (base 5) to base 11.
-1376a0
Convert -4111331343 (base 5) to base 10.
-8308348
Convert 5251155 (base 6) to base 8.
763157
Convert -11222003300 (base 4) to base 13.
-3cc014
-10110101100100010 (base 2) to base 4
-112230202
What is -24662242 (base 